 is 103001 - -23232?
132233
In base 16, what is -d7 + -d269b?
-d2772
In base 10, what is -6279 - -14299?
8020
In base 16, what is -c7 - -102e?
f67
In base 5, what is -1423430244 - -2?
-1423430242
In base 15, what is -2d - 1a5a7?
-1a5d5
In base 10, what is 53177 + -2229?
50948
In base 8, what is -7 - 23235401?
-23235410
In base 10, what is 28108 + 548?
28656
In base 2, what is -1000000000 - 10101100010011100000?
-10101100011011100000
In base 6, what is -1 - -32544014322?
32544014321
In base 4, what is -131101 - -10032122?
3301021
In base 4, what is 1002331 - -12120312?
13123303
In base 6, what is -4244522 - 120?
-4245042
In base 12, what is 195a3 + -370?
19233
In base 3, what is -1101012 - 1012200121?
-1021001210
In base 14, what is 3486 - 2b88?
6dc
In base 11, what is -a3274 + 35?
-a323a
In base 10, what is 125 + -21971?
-21846
In base 7, what is -33502542624 + 3?
-33502542621
In base 5, what is 20 - 3344400?
-3344330
In base 15, what is 7a + 25791?
2581b
In base 7, what is -1253505 + -436?
-1254244
In base 3, what is 10211001122212 + 1121?
10211001201110
In base 4, what is -1032 + 10110301?
10103203
In base 10, what is -79 + 37158?
37079
In base 7, what is 3531 - 2155015?
-2151154
In base 6, what is -1250335 + -331?
-1251110
In base 8, what is -37262 - 111?
-37373
In base 9, what is -3508554 + 117?
-3508436
In base 3, what is 10010 + 202110210210?
202110220220
In base 8, what is -14243 + 3231?
-11012
In base 6, what is 4404342 - -1555?
4410341
In base 3, what is -200210202 + -2112202?
-210100111
In base 15, what is 1d6b + -2c56?
-dda
In base 11, what is -879 - 2245?
-3013
In base 13, what is 20 - -6211469?
6211489
In base 6, what is 4225031250 + 3?
4225031253
In base 15, what is -a6553 + -ee?
-a6652
In base 13, what is -a - 7405?
-7412
In base 5, what is 3330311131 + 12?
3330311143
In base 3, what is -100222211201 - 100?
-100222212001
In base 15, what is -1b161a + 3?
-1b1617
In base 12, what is 43388 - -25?
433b1
In base 4, what is 1203 + 103303132?
103311001
In base 3, what is 200200202 - -21000001?
221200210
In base 15, what is -bc2e1 + -20?
-bc311
In base 8, what is 10215034150 + 4?
10215034154
In base 4, what is 1 - -101331230131?
101331230132
In base 12, what is -6086a6 - -9?
-608699
In base 3, what is -11202020112 + -1102021?
-11210122210
In base 3, what is 10 - 111111222210111221?
-111111222210111211
In base 6, what is 2033 - -13451?
15524
In base 13, what is 609 + b41?
144a
In base 6, what is -441151 - -35?
-441112
In base 13, what is -35 + 261471?
261439
In base 11, what is 0 + -1996619?
-1996619
In base 8, what is -3 + 27000003?
27000000
In base 12, what is -4 - 3a231b9?
-3a23201
In base 4, what is 3003120 - 10110001?
-1100221
In base 16, what is 19ef47 - 2?
19ef45
In base 6, what is -3205 + 155310?
152101
In base 10, what is -962 - 3215?
-4177
In base 13, what is -1775 - 214c?
-38c4
In base 12, what is 439912 + -1b?
4398b3
In base 6, what is 1032 + -12500443?
-12455411
In base 6, what is -30525002232 - 2?
-30525002234
In base 5, what is 14143302 - 20022?
14123230
In base 6, what is 4504420 + -222?
4504154
In base 14, what is 44 - -7bc?
822
In base 11, what is 11 - -1309714?
1309725
In base 4, what is 21103321123 + -10012?
21103311111
In base 13, what is 284 - -2142?
23c6
In base 6, what is -5300152153 + -4?
-5300152201
In base 14, what is 4 + -1cc9b93a?
-1cc9b936
In base 7, what is -236446112 + 4?
-236446105
In base 8, what is -1 - -50227252?
50227251
In base 14, what is 5525 + 474?
5999
In base 4, what is 20102203223 + 10?
20102203233
In base 12, what is 358 - 300767?
-30040b
In base 16, what is 2 - -135ca19?
135ca1b
In base 11, what is 786a6 + -22?
78684
In base 16, what is -22b92b - 1?
-22b92c
In base 8, what is -56372 + 1026?
-55344
In base 16, what is 975 - 1f884?
-1ef0f
In base 2, what is -1010000011011111010011010 - -100?
-1010000011011111010010110
In base 7, what is 562 + 526105?
530000
In base 2, what is 10101000000000110011 + 100011?
10101000000001010110
In base 14, what is 1 + -46b1677?
-46b1676
In base 15, what is 1367 + 1e1?
1558
In base 5, what is 1300 + -3013300?
-3012000
In base 6, what is -4135 + -2552134?
-3000313
In base 7, what is 5 - -623262264?
623262302
In base 6, what is 3112332 - 23?
3112305
In base 5, what is 124120221 - -1?
124120222
In base 5, what is -1344120 + 3000?
-1341120
In base 15, what is -3be1 + 152d9?
115e8
In base 9, what is 2 + 162138?
162141
In base 2, what is -1000100000101 - 1110011?
-1000101111000
In base 7, what is -134 - -103411?
103244
In base 7, what is -142 - 555631?
-556103
In base 2, what is 1000001001000 - 10100101111?
101100011001
In base 15, what is -235b0 + d02?
-227ad
In base 4, what is 0 - 1013133212?
-1013133212
In base 5, what is 10 - 430002101?
-430002041
In base 4, what is 21002332323 + 11222?
21003010211
In base 16, what is 25 - 6b7d9?
-6b7b4
In base 3, what is -1202201 + 20002?
-1112122
In base 8, what is 10152620 - 3?
10152615
In base 6, what is 3434433 - 1403?
3433030
In base 2, what is 101 + 111001111110110001001?
111001111110110001110
In base 8, what is 647740 - 375?
647343
In base 14, what is 470 + -2da8d0?
-2da460
In base 11, what is 669 + 282aa?
28968
In base 9, what is -85254 - 1684?
-87048
In base 12, what is -241273 - -b?
-241264
In base 4, what is 1201 + 10220131203?
10220133010
In base 9, what is -14 + -15820566?
-15820581
In base 8, what is -1 - 245554764?
-245554765
In base 9, what is -4462735 - -5?
-4462730
In base 13, what is -651b7 + -259?
-65443
In base 4, what is 3310111231 + 20?
3310111311
In base 9, what is 4387858 + 67?
4388036
In base 7, what is -2432653423 - 1?
-2432653424
In base 11, what is a1 + -10359?
-10268
In base 4, what is -1032 + -113312332102?
-113312333200
In base 14, what is -ba70da3 + -1?
-ba70da4
In base 2, what is -111001000011110110100 - 1?
-111001000011110110101
In base 11, what is -184 + -1a994?
-20068
In base 10, what is -158753 + -440?
-159193
In base 13, what is 194a4 + -b5?
193bc
In base 3, what is 1 + 112002201012020?
112002201012021
In base 8, what is -332053 + 1050?
-331003
In base 10, what is -46930 + 74?
-46856
In base 13, what is -1 - -895c311?
895c310
In base 2, what is -1 - -10100001011101111001001111001?
10100001011101111001001111000
In base 12, what is 11 - -4434098?
44340a9
In base 3, what is 2100121110200 - 100021?
2100121010102
In base 6, what is 233134 - 2333?
230401
In base 3, what is 21022 + -222200002122?
-222122211100
In base 13, what is 5 - 136a272?
-136a26a
In base 2, what is -111010100110001 + 111000101?
-111001101101100
In base 3, what is -2102000 - -1002112200011?
1002110021011
In base 13, what is 1a118 + -c6?
1a022
In base 10, what is -106390905 - 5?
-106390910
In base 4, what is 2112220 + 2232?
2121112
In base 4, what is -2003330 - -230312230?
222302300
In base 9, what is 482 - 63768?
-63276
In base 6, what is -203034525 + 31?
-203034454
In base 8, what is -327 + 47622?
47273
In base 11, what is 18326 - -148a?
19805
In base 15, what is 0 - -c21382?
c21382
In base 10, what is -54 + -2946352?
-2946406
In base 11, what is -134 - 1359?
-1492
In base 8, what is 640 - -4710470?
4711330
In base 12, what is 4 + 1b901360?
1b901364
In base 10, what is 4738905 + 5?
4738910
In base 11, what is -1717a554 + 1?
-1717a553
In base 6, what is -10345 - -31010?
20221
In base 11, what is 76 + -917871?
-9177a6
In base 15, what is -4 + 490a42c?
490a428
In base 6, what is 13 + -1344113?
-1344100
In base 8, what is -362444652 + 3?
-362444647
In base 4, what is -213121321131 + 1?
-213121321130
In base 8, what is 1767727043 + 0?
1767727043
In base 7, what is 1652601 + -31?
1652540
In base 6, what is -225 - -24350142?
24345513
In base 13, what is -57c + -66736?
-66cb5
In base 8, what is 113450005 + -1?
113450004
In base 6, what is 135541 - -3213?
143154
In base 4, what is 2331323 - 2200303?
131020
In base 12, what is -2341814 + -b?
-2341823
In base 14, what is 8 + 6447dc?
644806
In base 4, what is -23332100030123 + -11?
-23332100030200
In base 4, what is 1033111 + -21202220?
-20103103
In base 13, what is -38b + -c4839?
-c4bc7
In base 11, what is 2591274 - -5?
2591279
In base 16, what is -46b + -137ca?
-13c35
In base 4, what is -10 - 11311121003?
-11311121013
In base 9, what is 18 - 436378?
-436360
In base 6, what is 303254